3 + -3?
-34696
In base 5, what is 443 + 3121?
4114
In base 7, what is -4 + -22361?
-22365
In base 14, what is 1838 + 8?
1842
In base 13, what is 12357 - 7?
12350
In base 13, what is b6 + -1c9?
-113
In base 12, what is 1447 - 2?
1445
In base 2, what is -1011011011110 - -110?
-1011011011000
In base 2, what is -1010010010101000110 + 100?
-1010010010101000010
In base 9, what is 18140 + 0?
18140
In base 14, what is 153 - d8?
59
In base 3, what is 122011010 + 10?
122011020
In base 13, what is 46 - -b6?
12c
In base 4, what is -111110221 + -21?
-111110302
In base 7, what is 14 + 36505?
36522
In base 9, what is 316636 - -4?
316641
In base 9, what is -2247 - -340?
-1807
In base 11, what is 40 + -2245?
-2205
In base 4, what is -21 + 113330?
113303
In base 15, what is -2dc5 - -13d?
-2c87
In base 2, what is -1101000010000111000 + -10?
-1101000010000111010
In base 9, what is -1 - -2766?
2765
In base 14, what is -2 + -17072?
-17074
In base 3, what is -1121 + -1112222?
-1121120
In base 14, what is -5 - -7bd7?
7bd2
In base 7, what is -3 - -14426640?
14426634
In base 6, what is -1135 + 13231?
12052
In base 4, what is 1003010 - 2?
1003002
In base 7, what is -41013 - 32?
-41045
In base 15, what is -27 - 3b60?
-3b87
In base 8, what is 456356 + 4?
456362
In base 16, what is 126 - b2e?
-a08
In base 5, what is 213 - -4340?
10103
In base 16, what is 25e47 + -4?
25e43
In base 10, what is 0 + -47876?
-47876
In base 16, what is -5 - 23f01?
-23f06
In base 6, what is -202511120 + 3?
-202511113
In base 2, what is 10 - -1111000010010101?
1111000010010111
In base 11, what is 15 + -9457?
-9442
In base 15, what is -177 - 235?
-3ac
In base 3, what is -100211010 - -2010?
-100202000
In base 8, what is 2 + -4501?
-4477
In base 16, what is 1e28 + -25?
1e03
In base 16, what is 5f + 15c?
1bb
In base 14, what is 602 - a?
5d6
In base 9, what is 11 + 257823?
257834
In base 12, what is 80244 + 4?
80248
In base 12, what is -48 + bb1?
b65
In base 5, what is 3 - -14401134?
14401142
In base 2, what is 10011011011001001101101 - 101?
10011011011001001101000
In base 7, what is 4 - -4646525?
4646532
In base 9, what is 43 - -282?
335
In base 9, what is 51 - 1365?
-1314
In base 2, what is -11010 - -11100100000110?
11100011101100
In base 2, what is -101010001110011 - 11101?
-101010010010000
In base 13, what is -1c75b + 3?
-1c758
In base 16, what is 155 - -5?
15a
In base 9, what is 1717234 - -1?
1717235
In base 4, what is 3230130 + 30?
3230220
In base 6, what is -5 + 3413215?
3413210
In base 10, what is 2 - -2354?
2356
In base 10, what is -3 - 3663?
-3666
In base 9, what is 3153 + -10?
3143
In base 14, what is 27a3b + 7?
27a44
In base 15, what is -75b + -15?
-771
In base 9, what is 106534 + 3?
106537
In base 5, what is -40 - -13113?
13023
In base 7, what is 2060 - -165?
2255
In base 16, what is 16ff - 75?
168a
In base 11, what is -1 - -911?
910
In base 15, what is a + -5?
5
In base 4, what is -2031110 - -21?
-2031023
In base 7, what is -12135 - -1?
-12134
In base 16, what is -54c + -ab3?
-fff
In base 11, what is -847 + a6?
-751
In base 14, what is 4981 - -8?
4989
In base 13, what is 4 + 93127?
9312b
In base 14, what is 0 + -99328?
-99328
In base 5, what is 231 + 10?
241
In base 11, what is 3 + 234110?
234113
In base 11, what is 42699 - -1?
4269a
In base 15, what is 2299 + 9?
22a3
In base 16, what is -1cadd3 - 0?
-1cadd3
In base 15, what is 18d - -eb?
289
In base 7, what is -41 + -13664?
-14035
In base 14, what is -2a - 492?
-4bc
In base 12, what is 660b - -9?
6618
In base 10, what is 33 - -933?
966
In base 7, what is 5401 - 32?
5336
In base 5, what is -1413102 - -3?
-1413044
In base 8, what is -3 + 55366?
55363
In base 10, what is -162 + -170?
-332
In base 14, what is -272 + -1594?
-1826
In base 15, what is 3 - dbdb?
-dbd8
In base 16, what is fbc - 5?
fb7
In base 3, what is -2222 + 1002221?
222222
In base 8, what is -3 + 1625654?
1625651
In base 14, what is -dd3 + 4?
-dcd
In base 14, what is -2 - 34646?
-34648
In base 3, what is -202 + 1200100?
1122121
In base 16, what is 6ae - b2?
5fc
In base 4, what is -23102 - 3020?
-32122
In base 6, what is -103 - -12225?
12122
In base 4, what is 1231020303 + 11?
1231020320
In base 11, what is 5 - 8678?
-8673
In base 5, what is -3 + 2301234?
2301231
In base 15, what is 1229 + cc?
1306
In base 4, what is 2112320313 - -1?
2112320320
In base 2, what is -1000 + 110000101000110111?
110000101000101111
In base 16, what is -5 + ffb18?
ffb13
In base 3, what is -1201001012 + 0?
-1201001012
In base 8, what is 0 - -105746?
105746
In base 10, what is -24588 + -24?
-24612
In base 3, what is -101122 - 22220102?
-100022001
In base 9, what is 3 - -2621801?
2621804
In base 8, what is -11402 + -541?
-12143
In base 4, what is -2120000001 - -3?
-2113333332
In base 10, what is 8 + 6828?
6836
In base 9, what is -474815 - 3?
-474818
In base 2, what is -11010000 - -1001?
-11000111
In base 9, what is -74 + -366?
-451
In base 8, what is -343 + 5134?
4571
In base 16, what is -4 - -5be?
5ba
In base 15, what is 171a6 + 4?
171aa
In base 11, what is -1546 + 70?
-1486
In base 7, what is 15561 - 51?
15510
In base 8, what is -52374 + -4?
-52400
In base 6, what is 30322404 + -4?
30322400
In base 9, what is -10 + 2337?
2327
In base 12, what is -7b + -18126?
-181a5
In base 2, what is -1000100101 - 10110?
-1000111011
In base 15, what is 19 - -56?
70
In base 16, what is -2 + 60667?
60665
In base 2, what is 11001000101100 - -11111111?
11001100101011
In base 12, what is -81 + 14b37?
14a76
In base 15, what is 755 - -1b?
771
In base 10, what is 181 + -173?
8
In base 9, what is -3616 + 135?
-3471
In base 7, what is -2600233 + -2?
-2600235
In base 9, what is -42332 + 1?
-42331
In base 9, what is 32376 + -2?
32374
In base 12, what is 3 + -a108?
-a105
In base 16, what is 1d3c - 6?
1d36
In base 11, what is -9398 + 5?
-9393
In base 13, what is -67 + -935?
-99c
In base 16, what is -404 - -46?
-3be
In base 15, what is -42 - 109?
-14b
In base 9, what is -1 - 13654?
-13655
In base 12, what is -122 + -230?
-352
In base 6, what is -12 - -3504534?
3504522
In base 9, what is 3570570 + 5?
3570575
In base 6, what is -10 + 135514?
135504
In base 8, what is 14413753 - -5?
14413760
In base 12, what is -2303 - 22?
-2325
In base 2, what is 10 + -1100111110?
-1100111100
In base 15, what is 2 - 2262?
-2260
In base 13, what is 15 + 353?
368
In base 8, what is -4 - -27425?
27421
In base 2, what is 1100011010100 - -10?
1100011010110
In base 15, what is 11c - db?
31
In base 13, what is 9 + -a226?
-a21a
In base 5, what is 3032 + 100?
3132
In base 8, what is 256 - -11541?
12017
In base 7, what is 1155245 - -4?
1155252
In base 6, what is 154 + -12053?
-11455
In base 16, what is 572 + -8?
56a
In base 11, what is 8 - -3851?
3859
In base 10, what is 1 + 16898?
16899
In base 11, what is 2 - -a432?
a434
In base 9, what is 1127 - -57?
1185
In base 15, what is -3 + 16566?
16563
In base 13, what is -1a3 - 117c?
-1352
In base 10, what is 1 - -101357?
101358
In base 15, what is -8 - -36c5?
36bc
In base 5, what is -11022 + -1102?
-12124
In base 7, what is 130535 + 4?
130542
In base 14, what is 7 + 28725?
2872c
In base 2, what is 1101100011101011011010 + 101?
1101100011101011011111
In base 12, what is 22 + -b71?
-b4b
In base 7, what is 30224 - -5?
30232
In base 10, what is -2 - 23759?
-23761
In base 12, what is 45a26 + 3?
45a29
In base 8, what is 5671 - -2755?
10646
In base 4, what is 23110 - 212?
22232
In base 6, what is -5 + -344112?
-344121
In base 10, what is 410 + 496?
906
In base 13, what is -8832 - -5c?
-87a3
In base 6, what is 1251343 - 1?
1251342
In base 9, what is -2 + 772536?
772534
In base 10, what is 5 + 1089289?
1089294
In base 2, what is 110111011 - 1001111110000?
-1001000110101
In base 12, what is -75671 - 6?
-75677
In base 7, what is -1 + 124022?
124021
In base 15, what is -5 - -77d?
778
In base 8, what is -27 - 1324?
-1353
In base 8, what is 4 - 33212?
-33206
In base 5, what is 112323 + -23?
112300
In base 3, what is -2120011210 + -101?
-2120012011
In base 15, what is 9853 - 5?
984d
In base 6, what is -105301 + 2?
-105255
In base 4, what is -1 + -21322?
-21323
In base 4, what is 11312 + 3300?
21212
In base 2, what is 10011101000 - 1110001?
10001110111
In base 7, what is -5 + -213624?
-213632
In base 14, what is -3 - -3b51?
3